2
Let o(b) = -b**2 - 18*b + 13. What are the prime factors of o(-17)?
2, 3, 5
Let q(t) = -4*t**3 - 12*t**2 - 28*t + 16. Let o(p) = -3*p**3 - 8*p**2 - 19*p + 11. Let s(z) = 7*o(z) - 5*q(z). List the prime factors of s(5).
7
Suppose -p - 2 = q, 7*p = 2*p. What are the prime factors of (q - -3)/((-1)/(-6))?
2, 3
Let p be 0/3 - (-4)/2. Suppose 3*l - 77 = -5*d, 0 = 4*d + p*l + 3*l - 72. What are the prime factors of d?
13
Suppose 6*o + 8 = 2*d + 4*o, -4*d - 3*o + 2 = 0. Let q be (10/(-3))/(d/(-6)). Suppose 4*f = 3*f + q. What are the prime factors of f?
2, 5
Let d(q) = -8 - q - 2*q + 13 - 10. List the prime factors of d(-3).
2
Suppose -4*x + 4*o + 12 = 0, 4*o - 9 - 9 = -2*x. Suppose -4*h + 2*v + v = -x, 9 = 3*h + 3*v. List the prime factors of h.
2
Suppose 4*t - 10 = 6*t. Let p(j) = 3*j**2 + 5*j - 7. List the prime factors of p(t).
43
List the prime factors of (4/4)/1 - -163.
2, 41
Let t(m) = m + 2. What are the prime factors of t(11)?
13
List the prime factors of 4/10 - 298/(-10)*2.
2, 3, 5
Let g(d) = 5*d**3 + d. Let p be g(-1). Let t = p - -11. What are the prime factors of t?
5
Let b be (-14)/4*216/18. Let j = -13 - b. What are the prime factors of j?
29
List the prime factors of (5 - -2) + 0/(-1).
7
Let p(k) be the second derivative of 3*k**5/20 - k**4/6 + k**2/2 + 10*k. What are the prime factors of p(1)?
2
Let m = 157 - 75. List the prime factors of m.
2, 41
Let p(b) = b**3 - 5*b**2 + 3*b + 10. List the prime factors of p(9).
19
Let c(z) = 9 - 2 - 8*z - 7. What are the prime factors of c(-1)?
2
Suppose -143 = 4*z + 4*k - 695, 556 = 4*z + 5*k. What are the prime factors of z/10 + 8/(-20)?
13
Let h be 0 - 3 - (-128)/2. Suppose 0*y = -y + h. Suppose -3*d = -2*o - 38, -5*d + 5 + y = -4*o. What are the prime factors of d?
2, 5
Let f(b) = 30*b**3 - b**2 + 2*b - 1. Let v be f(1). Suppose -5*h - v = -10*h. What are the prime factors of h?
2, 3
Suppose 4*w + 15 = 543. List the prime factors of w.
2, 3, 11
Let i(g) = -g**3 - 9*g**2 - 13*g - 13. List the prime factors of i(-8).
3
Let f(m) = 5*m**2 - 5*m - 16. Let h(g) = 3*g**2 - 2*g - 8. Let s(x) = -4*f(x) + 7*h(x). List the prime factors of s(-7).
3, 5
Let y(z) = z**2 + 9*z - 6. Let u be y(-10). Suppose 2*n = 5*l - 2*l - 20, -3*l = -u*n - 28. Suppose -f - h = h + l, -2*f + 17 = -h. List the prime factors of f.
2, 3
Suppose 0 = -2*n - n. Let t be (-2 - -3 - 0)*n. Suppose 6*a - 2*a - 36 = t. What are the prime factors of a?
3
Suppose -2*j - j + 27 = 0. Let g be 6/j + 46/3. Suppose -3*a + g = a - 4*v, -14 = -3*a + 5*v. List the prime factors of a.
3
Let q(x) = -1. Let w(a) = a - 3. Let u(d) = q(d) - w(d). List the prime factors of u(-2).
2
What are the prime factors of -1 - -2*(-5)/(-2) - -141?
5, 29
Suppose -2*i = -2*v + 88 - 10, 4*v = -5*i + 192. List the prime factors of v.
43
Let r = 10 + 4. List the prime factors of r.
2, 7
Suppose 123 + 141 = 2*x. What are the prime factors of x?
2, 3, 11
Let l(n) = -3*n**2 - 3*n - 14. Let i(s) = s**2 + 3*s - 5. Let j be i(-5). Let t(y) = 2*y**2 + y + 7. Let p(z) = j*t(z) + 3*l(z). List the prime factors of p(7).
2, 7
Let w(a) = a - 4. Let n be w(3). Let u = n + 4. List the prime factors of (u/6)/((-1)/(-44)).
2, 11
Let q(u) = u**2 + 2. Let l be q(0). Let v(p) = 8*p**2 - 3*p**l - 2*p**2 + 0*p**2 + 2. List the prime factors of v(2).
2, 7
Let d(r) = -r**3 - 7*r**2. Let n be d(-7). Suppose -f + n*f = -20. Suppose -4*z = -0*z - f. List the prime factors of z.
5
Let x be ((-22)/(-2) + -1)/(-2). List the prime factors of x/2*230/(-25).
23
Suppose -4*s + f + 10 = 0, 2*f = 5*s + 6*f - 23. Suppose -3*n + 4*c + 69 = -0*n, 2*c = s*n - 75. Let z = n + -9. List the prime factors of z.
2, 3
Suppose 0 = -2*w + w + 51. What are the prime factors of w?
3, 17
Suppose -8*y = -4*y - 132. Suppose y = -0*f + f. List the prime factors of f.
3, 11
Suppose c + 3*n - 6 - 12 = 0, 2*c - 44 = -2*n. Suppose 4*f - 2*o = 22, 4*f = -3*o + c + 23. List the prime factors of f.
2
Suppose -3*a - 5*j - 8 = -5*a, -3*a + 12 = 2*j. Suppose -3*g + 16 = g + 4*s, a*g = s - 4. Suppose -2*y - y + 36 = g. What are the prime factors of y?
2, 3
Suppose -h = -6*h + 5*n + 40, 0 = 4*n + 4. What are the prime factors of h?
7
Let n = 5 + -1. Let s(c) = -2 - n*c + 0 - 2*c**3 + c**3 + 7*c**2. What are the prime factors of s(6)?
2, 5
Let j(w) = 4*w**3 - 1. Let b be j(1). Let z = 4 - b. What are the prime factors of 1/((-12)/(-11) - z)?
11
Let c(g) = g**3 - 10*g**2 + 12*g - 6. List the prime factors of c(9).
3, 7
Let k = 5 - -9. What are the prime factors of k?
2, 7
Let c = -4 + 24. Suppose 2*d + c = 4*h, 5*h - 3*d - 13 = 13. List the prime factors of h.
2
Let v be (1 + -1)/(-1) - -3. Let l be (-76)/133*35/(-2). Suppose 2*h = -v*h + l. List the prime factors of h.
2
What are the prime factors of -1*101*(-1)/1?
101
Let p(i) = i**2 - 6*i + 2. Let x be p(6). Let f be (-5)/(-2)*156/15. What are the prime factors of f/7 - x/(-7)?
2
Let n = -28 + 85. List the prime factors of n.
3, 19
Let w = 52 + -31. List the prime factors of w.
3, 7
Suppose 4*g = -u - 18, -4*u + 3*g + g - 32 = 0. Let t = u - -1. Let r = 14 + t. List the prime factors of r.
5
Suppose 0*b = 5*b - 215. What are the prime factors of b?
43
Suppose -a + 42 = -4*y, y - 117 = -5*a + 30. What are the prime factors of a?
2, 3, 5
Let p(h) = h**2 - 7*h + 5. Let f be p(5). Let m = f + 5. Let r = 14 + m. What are the prime factors of r?
2, 7
Suppose w + 0 = -3*l + 7, -21 = l + 5*w. Suppose 0 = 3*h - 0*p + l*p - 12, -3*h + 3 = p. List the prime factors of -3 + (h - -10) - -3.
2, 5
Suppose 2*c - 4 = 7*c + h, 0 = c + 4*h - 3. Let s be c - -16 - 2/1. Suppose -4*o = 1 - s. List the prime factors of o.
3
Let v(l) = 11*l**2 + 3*l - 4. List the prime factors of v(-3).
2, 43
Let x = 1 + 4. Suppose 60 = 5*y - m, 3*m + 12 = y + x*m. List the prime factors of y.
2, 3
Suppose -74 = -5*b + q, b - 3*q = 2*b - 18. List the prime factors of b.
3, 5
Suppose -6*j = -l - 11*j + 243, 5*l + 2*j = 1192. List the prime factors of l.
2, 7, 17
List the prime factors of (-1)/(-4) - (-127)/4.
2
Let o(x) = -x**3 + 6*x**2 + 4*x - 4. Let v be o(6). Let s = -42 + v. Let u = s - -33. What are the prime factors of u?
11
Let v = -7 - -11. Let x be 1/2 + 10/v. Suppose -2*z + 6 = 2*r + 2, x*r = z - 10. What are the prime factors of z?
2
Suppose 380 = 3*d + 4*i, 0*d + 2*d = -5*i + 265. What are the prime factors of d?
2, 3, 5
Suppose 2*x + 8 = -2*x - d, x + 5*d - 17 = 0. Let g = -1 - x. Suppose -g*t = -9 - 11. What are the prime factors of t?
2, 5
Suppose 4*k + p = 1044, k - 4*p = -2*k + 764. What are the prime factors of k?
2, 5, 13
Suppose 2*h - 14 - 31 = w, -5*h + 135 = 5*w. Suppose -24 = -2*r + 3*c, -2*r - 4*c + 0 + h = 0. List the prime factors of r.
2, 3
Let v = -19 + 14. Let b(q) = q**2 + 2*q + 7 + 2*q + 2*q. List the prime factors of b(v).
2
Suppose 3*r - 55 = -2*r + 4*l, -3*l - 8 = r. Suppose 0 = -k + 1 + r. What are the prime factors of k?
2
Let u = -22 - -96. What are the prime factors of u?
2, 37
Let w = -5 - -9. Suppose -5*x + 4*q + 65 = q, -28 = -3*x + w*q. What are the prime factors of x?
2
Let w(d) = d + 5. Let u be -2 - -2*4/1. List the prime factors of w(u).
11
Let x be (-1 - -3)*(-66)/(-12). Let k = x - 9. List the prime factors of k.
2
Let b = -6 - -9. Suppose t + 5*v - 33 = -0*v, v = -b*t + 113. What are the prime factors of t?
2, 19
List the prime factors of (12/(-30))/((-1)/5).
2
Suppose 3*n - 6 = 4*n. Let w = -4 - -15. Let x = n + w. What are the prime factors of x?
5
Suppose 2 = 2*n - 34. List the prime factors of n.
2, 3
Suppose -3*l - 53 = -4*z, -4*l = z - 3*l - 15. Suppose 2*n = -0*n + z. What are the prime factors of n?
7
Suppose -y - 4*y + 40 = 0. Suppose 4*u - 2 = 3*x, -x - x - 2*u + y = 0. What are the prime factors of x?
2
Suppose -5*b + 12*b = 1253. What are the prime factors of b?
179
Let b(w) = w**3 - 4*w**2 + 4. Let n be b(4). Suppose 0*y + 20 = n*y. Suppose -f + y*m = -0*m + 16, 0 = -f + 4*m - 12. List the prime factors of f.
2
Let r be 37/(-7) - (-6)/21. Let o be 14/(-10) - 2/r. List the prime factors of 0 - 0 - o*7.
7
Let z be (-2 + 3)*-3 + 7. Suppose -2*x + z*x = 4. What are the prime factors of x?
2
Let o(n) = -n + 2. Let v be o(-3). Suppose 5 = -4*d + 1, 13 = 3*h + v*d. What are the prime factors of h?
2, 3
Let h(d) be the second derivative of d**5/20 - d**4/3 + 